{"id":626,"date":"2024-08-17T17:08:12","date_gmt":"2024-08-17T17:08:12","guid":{"rendered":"https:\/\/deutsche-kulturgesellschaft-flensburg.de\/?page_id=626"},"modified":"2026-04-10T20:42:29","modified_gmt":"2026-04-10T20:42:29","slug":"hinweise","status":"publish","type":"page","link":"https:\/\/deutsche-kulturgesellschaft-flensburg.de\/?page_id=626","title":{"rendered":"Hinweise"},"content":{"rendered":"\n<div style=\"height:10px\" aria-hidden=\"true\" class=\"wp-block-spacer\"><\/div>\n\n\n\n<div class=\"wp-block-columns alignwide is-layout-flex wp-container-core-columns-is-layout-28f84493 wp-block-columns-is-layout-flex\">\n<div class=\"wp-block-column is-layout-flow wp-block-column-is-layout-flow\">\n<div class=\"wp-block-columns is-layout-flex wp-container-core-columns-is-layout-28f84493 wp-block-columns-is-layout-flex\">\n<div class=\"wp-block-column is-layout-flow wp-block-column-is-layout-flow\">\n<div class=\"wp-block-columns is-layout-flex wp-container-core-columns-is-layout-28f84493 wp-block-columns-is-layout-flex\">\n<div class=\"wp-block-column is-layout-flow wp-block-column-is-layout-flow\">\n<div class=\"wp-block-columns alignwide has-background is-layout-flex wp-container-core-columns-is-layout-28f84493 wp-block-columns-is-layout-flex\" style=\"border-radius:25px;background-color:#ffffffab\">\n<div class=\"wp-block-column is-layout-flow wp-block-column-is-layout-flow\">\n<div style=\"height:10px\" aria-hidden=\"true\" class=\"wp-block-spacer\"><\/div>\n\n\n\n<h2 id=\"moechten-sie-mitglied-werden\" class=\"wp-block-heading\">M\u00f6chten Sie Mitglied werden?<\/h2>\n\n\n\n<p style=\"border-radius:25px;padding-top:var(--wp--preset--spacing--10);padding-right:var(--wp--preset--spacing--20);padding-bottom:var(--wp--preset--spacing--10);padding-left:var(--wp--preset--spacing--20);font-size:clamp(0.875rem, 0.875rem + ((1vw - 0.2rem) * 0.708), 1.3rem);font-style:normal;font-weight:700\">Das freut uns, bitte wenden Sie sich an:<br>Frau Inge Kr\u00e4mer<br>Wiesengrund 39<br>24976 Handewitt<br>E-Mail: info@flenskultur.de<br>Tel.: 04630 \u2013 4969590 (Mo \u2013 Fr)<br>Internet: www.deutsche-kulturgesellschaft-flensburg.de<br><\/p>\n\n\n\n<p style=\"border-radius:25px;padding-top:var(--wp--preset--spacing--10);padding-right:var(--wp--preset--spacing--20);padding-bottom:var(--wp--preset--spacing--10);padding-left:var(--wp--preset--spacing--20);font-size:clamp(0.875rem, 0.875rem + ((1vw - 0.2rem) * 0.708), 1.3rem);font-style:normal;font-weight:700\">Der Jahresbeitrag betr\u00e4gt f\u00fcr Einzelpersonen<br>36,00 Euro, f\u00fcr Paare\/Familien 60,00 Euro<br>Sch\u00fcler, Studenten und B\u00fcrgergeldempf\u00e4nger k\u00f6nnen<br>gegen Vorlage einer Bescheinigung kostenfrei<br>Mitglied werden.<br>Der Besuch der Vortr\u00e4ge ist f\u00fcr Mitglieder kostenfrei.<br>G\u00e4ste bezahlen 4 Euro\/Vortrag.<br>Sch\u00fcler, Studenten und B\u00fcrgergeldempf\u00e4nger haben<br>gegen Vorlage einer Bescheinigung freien Zutritt zu<br>den Vortr\u00e4gen.<\/p>\n\n\n\n<div style=\"height:10px\" aria-hidden=\"true\" class=\"wp-block-spacer\"><\/div>\n<\/div>\n<\/div>\n<\/div>\n<\/div>\n<\/div>\n<\/div>\n<\/div>\n<\/div>\n","protected":false},"excerpt":{"rendered":"<p>M\u00f6chten Sie Mitglied werden? Das freut uns, bitte wenden Sie sich an:Frau Inge Kr\u00e4merWiesengrund 3924976 HandewittE-Mail: info@flenskultur.deTel.: 04630 \u2013 4969590 (Mo \u2013 Fr)Internet: www.deutsche-kulturgesellschaft-flensburg.de Der Jahresbeitrag betr\u00e4gt f\u00fcr Einzelpersonen36,00 Euro, f\u00fcr Paare\/Familien 60,00 EuroSch\u00fcler, Studenten und B\u00fcrgergeldempf\u00e4nger k\u00f6nnengegen Vorlage einer Bescheinigung kostenfreiMitglied werden.Der Besuch der Vortr\u00e4ge ist f\u00fcr Mitglieder kostenfrei.G\u00e4ste bezahlen 4 Euro\/Vortrag.Sch\u00fcler, Studenten und [&hellip;]<\/p>\n","protected":false},"author":1,"featured_media":0,"parent":0,"menu_order":0,"comment_status":"closed","ping_status":"closed","template":"","meta":{"footnotes":""},"class_list":["post-626","page","type-page","status-publish","hentry"],"jetpack_sharing_enabled":true,"_links":{"self":[{"href":"https:\/\/deutsche-kulturgesellschaft-flensburg.de\/index.php?rest_route=\/wp\/v2\/pages\/626","targetHints":{"allow":["GET"]}}],"collection":[{"href":"https:\/\/deutsche-kulturgesellschaft-flensburg.de\/index.php?rest_route=\/wp\/v2\/pages"}],"about":[{"href":"https:\/\/deutsche-kulturgesellschaft-flensburg.de\/index.php?rest_route=\/wp\/v2\/types\/page"}],"author":[{"embeddable":true,"href":"https:\/\/deutsche-kulturgesellschaft-flensburg.de\/index.php?rest_route=\/wp\/v2\/users\/1"}],"replies":[{"embeddable":true,"href":"https:\/\/deutsche-kulturgesellschaft-flensburg.de\/index.php?rest_route=%2Fwp%2Fv2%2Fcomments&post=626"}],"version-history":[{"count":13,"href":"https:\/\/deutsche-kulturgesellschaft-flensburg.de\/index.php?rest_route=\/wp\/v2\/pages\/626\/revisions"}],"predecessor-version":[{"id":1132,"href":"https:\/\/deutsche-kulturgesellschaft-flensburg.de\/index.php?rest_route=\/wp\/v2\/pages\/626\/revisions\/1132"}],"wp:attachment":[{"href":"https:\/\/deutsche-kulturgesellschaft-flensburg.de\/index.php?rest_route=%2Fwp%2Fv2%2Fmedia&parent=626"}],"curies":[{"name":"wp","href":"https:\/\/api.w.org\/{rel}","templated":true}]}}