{"id":616,"date":"2024-08-17T17:09:06","date_gmt":"2024-08-17T17:09:06","guid":{"rendered":"https:\/\/deutsche-kulturgesellschaft-flensburg.de\/?page_id=616"},"modified":"2026-04-15T10:37:11","modified_gmt":"2026-04-15T10:37:11","slug":"willkommen","status":"publish","type":"page","link":"https:\/\/deutsche-kulturgesellschaft-flensburg.de\/?page_id=616","title":{"rendered":"Programm"},"content":{"rendered":"\n<div class=\"wp-block-columns alignwide has-background is-layout-flex wp-container-core-columns-is-layout-74d018ca wp-block-columns-is-layout-flex\" style=\"border-radius:25px;background-color:#ffffffab;padding-top:var(--wp--preset--spacing--20);padding-right:var(--wp--preset--spacing--20);padding-bottom:var(--wp--preset--spacing--20);padding-left:var(--wp--preset--spacing--20)\">\n<div class=\"wp-block-column is-layout-flow wp-block-column-is-layout-flow\">\n<div style=\"height:10px\" aria-hidden=\"true\" class=\"wp-block-spacer\"><\/div>\n\n\n\n<h2 id=\"liebe-mitglieder-und-freunde-derdeutschen-kulturgesellschaft-flensburg\" class=\"wp-block-heading has-text-align-center\">Liebe Mitglieder und Freunde der<br>Deutschen Kulturgesellschaft Flensburg,<\/h2>\n\n\n\n<div style=\"height:10px\" aria-hidden=\"true\" class=\"wp-block-spacer\"><\/div>\n\n\n\n<blockquote class=\"wp-block-quote has-background is-layout-flow wp-block-quote-is-layout-flow\" style=\"background-color:#a3a3a34d\">\n<p class=\"has-text-align-center has-large-font-size\" style=\"font-style:normal;font-weight:700\">\u201eNur Reisen ist Leben, wie umgekehrt das Leben Reisen ist.\u201c<\/p>\n\n\n\n<p class=\"has-text-align-center\" style=\"font-size:clamp(1.039rem, 1.039rem + ((1vw - 0.2rem) * 0.935), 1.6rem);\">Jean Paul (1763-1825), eigentlich Johann Paul Friedrich Richter, <br>deutscher Schriftsteller zwischen Klassik und Romantik<\/p>\n<\/blockquote>\n\n\n\n<div style=\"height:10px\" aria-hidden=\"true\" class=\"wp-block-spacer\"><\/div>\n\n\n\n<p style=\"font-size:clamp(0.875rem, 0.875rem + ((1vw - 0.2rem) * 0.708), 1.3rem);font-style:normal;font-weight:700\">Liebe Mitglieder und Freunde der Deutschen Kulturgesellschaft,<br>Der Vorstand der Deutschen Kulturgesellschaft Flensburg freut sich, Ihnen das Sommerprogramm 2026 vorstellen zu k\u00f6nnen!<br>Bei den Tages- und\u00a0 HalbtagesKulturen finden Sie beliebte und bew\u00e4hrte Ziele, die seit Jahren ihr festes Publikum haben, zu denen wir aber auch Mitglieder, die bisher noch nicht dabei waren, herzlich einladen. Zu diesen bew\u00e4hrten Formaten geh\u00f6ren die Fahrten zur Hamburger Kammeroper, zur NordArt in Rendsburg und zum Nolde-Museum in Seeb\u00fcll sowie die beliebte Fahrt von Herrn Kroll \u201eNeues in und um Flensburg.<br>Wir haben aber auch nach weiteren Zielen gesucht und hoffen mit einer Fahrt zur Musikhochschule nach L\u00fcbeck und zu einem Weingut auf der d\u00e4nischen Insel Aar\u00f8 Ihr Interesse zu wecken. Ein weiteres Ziel ist im Rahmen einer HalbtagesKultur das Internat Schloss Louisenlund.<br>Bei den Mehrtagesfahrten haben wir eine aufgrund der Entfernung etwas l\u00e4ngere Reise mit f\u00fcnf \u00dcbernachtungen nach Dresden sowie eine k\u00fcrzere Reise in die Lessing-Stadt Wolfenb\u00fcttel geplant.<br>Wir hoffen, dass alle Angebote auf Ihr Interesse sto\u00dfen und freuen uns, mit Ihnen TagesKulturen und Reisen unternehmen zu k\u00f6nnen.<br><br><br>Mit freundlichen Gr\u00fc\u00dfen<br>F\u00fcr den Vorstand<br>Frank Lubowitz<\/p>\n\n\n\n<div style=\"height:10px\" aria-hidden=\"true\" class=\"wp-block-spacer\"><\/div>\n<\/div>\n<\/div>\n","protected":false},"excerpt":{"rendered":"<p>Liebe Mitglieder und Freunde derDeutschen Kulturgesellschaft Flensburg, \u201eNur Reisen ist Leben, wie umgekehrt das Leben Reisen ist.\u201c Jean Paul (1763-1825), eigentlich Johann Paul Friedrich Richter, deutscher Schriftsteller zwischen Klassik und Romantik Liebe Mitglieder und Freunde der Deutschen Kulturgesellschaft,Der Vorstand der Deutschen Kulturgesellschaft Flensburg freut sich, Ihnen das Sommerprogramm 2026 vorstellen zu k\u00f6nnen!Bei den Tages- und\u00a0 [&hellip;]<\/p>\n","protected":false},"author":1,"featured_media":0,"parent":0,"menu_order":0,"comment_status":"closed","ping_status":"closed","template":"","meta":{"footnotes":""},"class_list":["post-616","page","type-page","status-publish","hentry"],"jetpack_sharing_enabled":true,"_links":{"self":[{"href":"https:\/\/deutsche-kulturgesellschaft-flensburg.de\/index.php?rest_route=\/wp\/v2\/pages\/616","targetHints":{"allow":["GET"]}}],"collection":[{"href":"https:\/\/deutsche-kulturgesellschaft-flensburg.de\/index.php?rest_route=\/wp\/v2\/pages"}],"about":[{"href":"https:\/\/deutsche-kulturgesellschaft-flensburg.de\/index.php?rest_route=\/wp\/v2\/types\/page"}],"author":[{"embeddable":true,"href":"https:\/\/deutsche-kulturgesellschaft-flensburg.de\/index.php?rest_route=\/wp\/v2\/users\/1"}],"replies":[{"embeddable":true,"href":"https:\/\/deutsche-kulturgesellschaft-flensburg.de\/index.php?rest_route=%2Fwp%2Fv2%2Fcomments&post=616"}],"version-history":[{"count":22,"href":"https:\/\/deutsche-kulturgesellschaft-flensburg.de\/index.php?rest_route=\/wp\/v2\/pages\/616\/revisions"}],"predecessor-version":[{"id":1146,"href":"https:\/\/deutsche-kulturgesellschaft-flensburg.de\/index.php?rest_route=\/wp\/v2\/pages\/616\/revisions\/1146"}],"wp:attachment":[{"href":"https:\/\/deutsche-kulturgesellschaft-flensburg.de\/index.php?rest_route=%2Fwp%2Fv2%2Fmedia&parent=616"}],"curies":[{"name":"wp","href":"https:\/\/api.w.org\/{rel}","templated":true}]}}